 + 9*f**2 - 7*f - 11. Calculate n(8).
-3
Let q(j) = 55*j - 311. Determine q(6).
19
Let i(l) = -15*l + 230. Give i(15).
5
Let z(j) = j - 27. Give z(26).
-1
Let u(i) = i**3 - 23*i**2 + 2*i - 52. Give u(23).
-6
Let y(v) = v**3 + 5*v**2 - 13*v + 7. Give y(-7).
0
Let n(x) = x**3 - 11*x**2 - 15*x + 29. Give n(12).
-7
Let o(l) = 6*l - 1. Determine o(-1).
-7
Let v(x) = -11*x + 101. Give v(9).
2
Let s(f) = -2*f + 36. Calculate s(6).
24
Let t(v) = 2*v**2 - v - 144. Determine t(-8).
-8
Let i(s) = 2*s**2 - 5*s + 10. Determine i(5).
35
Let w(b) = 2*b**2 - 7*b - 40. Calculate w(7).
9
Let p(h) = h**3 + 9*h**2 - 8*h + 7. Calculate p(-10).
-13
Let d(m) = m**2 - 4*m - 21. Determine d(7).
0
Let u(q) = -q**2 - 4*q + 17. What is u(-8)?
-15
Let w(s) = -s**2 + 4*s + 12. Determine w(5).
7
Let u(p) = 2*p**2 + 36*p + 9. What is u(-18)?
9
Let l(m) = 7*m**2 - 11*m - 1. What is l(2)?
5
Let v(p) = -p**3 - 9*p**2 + 18*p - 13. What is v(-11)?
31
Let u(v) = v**3 + 18*v**2 - 21*v - 28. Calculate u(-19).
10
Let m(s) = -s**3 + 12*s**2 + 8*s - 6. What is m(13)?
-71
Let z(r) = r**2 - r - 11. Give z(0).
-11
Let c(m) = -m**2 - 25*m - 48. What is c(-23)?
-2
Let z(r) = -r**2 + 29*r + 91. Give z(32).
-5
Let v(p) = -p**2 - 5*p + 25. Calculate v(3).
1
Let j(c) = 20*c + 48. Give j(-4).
-32
Let v(q) = -4*q**2 - 110*q - 36. What is v(-27)?
18
Let x(l) = -l**2 - 26*l + 5. Determine x(-22).
93
Let g(d) = -d**3 + 2*d**2 + d - 3. Determine g(-3).
39
Let k(b) = b - 44. What is k(20)?
-24
Let d(z) = -2*z**2 - 11*z + 6. Give d(-6).
0
Let m(y) = 2*y + 12. Calculate m(-4).
4
Let i(s) = 13*s**2 - 4*s - 3. Give i(-1).
14
Let t(h) = -h**3 - 55*h**2 - 107*h - 54. What is t(-53)?
-1
Let h(i) = 3*i + 10. What is h(0)?
10
Let g(l) = 30*l - 445. Give g(15).
5
Let f(k) = k**2 + 7*k - 7. Determine f(-9).
11
Let d(y) = -47*y - 1. What is d(-1)?
46
Let p(b) = -8*b - 35. Give p(-5).
5
Let h(f) = 187*f + 560. Give h(-3).
-1
Let f(z) = -2*z + 1. Determine f(-2).
5
Let p(x) = 2*x - 21. Determine p(15).
9
Let b(j) = -2*j**2 - 6*j - 20. Determine b(-4).
-28
Let v(j) = j**3 - 6*j**2 + 7*j - 4. Determine v(5).
6
Let v(b) = 13*b + 2. Determine v(-6).
-76
Let h(c) = 21*c**2 - 13*c - 2. Calculate h(1).
6
Let m(o) = -6*o + 6. What is m(4)?
-18
Let r(l) = 27*l - 10. What is r(-3)?
-91
Let r(d) = d**3 - 7*d**2 + 7*d - 2. What is r(6)?
4
Let v(h) = 26*h - 845. Calculate v(33).
13
Let s(m) = 7*m + 118. Give s(-9).
55
Let y(v) = -20*v + 22. Determine y(8).
-138
Let g(j) = -j**2 + 7*j - 5. Calculate g(7).
-5
Let j(g) = g**3 + 8*g**2 - 10. What is j(-8)?
-10
Let v(z) = -33*z + 132. Calculate v(4).
0
Let f(q) = -6*q - 12. Give f(-6).
24
Let t(x) = x + 1. Give t(8).
9
Let a(s) = -8*s - 3. Calculate a(3).
-27
Let p(r) = 9*r - 22. Determine p(-7).
-85
Let n(h) = 2*h**2 - h + 7. Calculate n(-6).
85
Let n(v) = -2*v**2 - 3*v - 4. What is n(-6)?
-58
Let d(i) = 2*i - 24. Calculate d(10).
-4
Let a(j) = -j**3 - 4*j**2 + 8. Determine a(-3).
-1
Let y(i) = 5*i**2 - 52*i - 32. Give y(11).
1
Let m(a) = -16*a + 17. Give m(-4).
81
Let i(v) = 19*v + 5. Determine i(1).
24
Let w(d) = -324*d + 1613. What is w(5)?
-7
Let u(w) = 2*w**2 - 13*w + 5. Determine u(11).
104
Let a(n) = n + 2. What is a(-3)?
-1
Let d(u) = -u**3 - u**2 - 2*u + 50. Determine d(0).
50
Let f(t) = -t**2 - 9*t - 22. Calculate f(-8).
-14
Let u(f) = 16*f + 44. What is u(-4)?
-20
Let b(m) = m**3 + 12*m**2 - 68*m - 59. Calculate b(-16).
5
Let z(f) = -6*f**2 - 8*f - 1. What is z(-3)?
-31
Let b(f) = -f**3 - 19*f**2 + 22*f + 49. Determine b(-20).
9
Let t(l) = -l**2 + 16*l - 17. What is t(11)?
38
Let s(a) = a**3 + 9*a**2 - 14*a - 14. Give s(-10).
26
Let w(m) = -2*m + 32. Determine w(17).
-2
Let p(u) = u**2 + 14*u - 1. Give p(-16).
31
Let y(h) = -h + 21. Give y(0).
21
Let i(j) = 83*j - 748. Give i(9).
-1
Let n(u) = -u**3 - 4*u**2 - 4*u - 9. Determine n(-3).
-6
Let y(n) = -n**3 + 4*n**2 + 7*n + 12. Give y(6).
-18
Let c(j) = -j + 9. Give c(-8).
17
Let f(p) = 10*p**2 + 6*p + 9. Calculate f(-2).
37
Let l(m) = -m**3 + 6*m**2 + 6*m + 10. Calculate l(6).
46
Let a(d) = -d**3 + 10*d**2 + 2. Calculate a(10).
2
Let k(w) = 3*w + 73. What is k(-25)?
-2
Let n(z) = -z**3 - 5*z**2 - 5*z - 3. Give n(-3).
-6
Let p(g) = -g**2 - 13*g - 25. What is p(-10)?
5
Let d(x) = -12*x + 366. What is d(31)?
-6
Let r(n) = n**3 - 12*n**2 + 11*n - 16. What is r(11)?
-16
Let g(i) = -i - 2. Determine g(16).
-18
Let c(r) = 2*r + 19. Calculate c(-9).
1
Let j(c) = -c**3 + 2*c**2 + 31*c + 9. What is j(7)?
-19
Let i(o) = 2*o**2 + 29*o - 17. Calculate i(-15).
-2
Let u(l) = l**3 + 3*l**2 - 4*l - 17. Determine u(-2).
-5
Let l(b) = -2*b. Give l(-3).
6
Let l(i) = i + 14. Calculate l(-5).
9
Let p(j) = 5*j**3 - 3*j**2 + 4. What is p(2)?
32
Let u(w) = 18*w**2 - w - 2. Determine u(1).
15
Let b(l) = l**2 - 19*l + 100. Give b(11).
12
Let a(d) = 2*d**3 - d**2 - 6*d - 2. What is a(3)?
25
Let f(s) = s + 13. Calculate f(-5).
8
Let j(u) = 2*u**2 - 24*u + 8. Determine j(11).
-14
Let p(w) = -w**3 - 5*w**2 + 107*w + 41. Give p(-13).
2
Let r(i) = i**2 - 28*i + 103. Determine r(23).
-12
Let f(o) = -o**3 - 5*o**2 + 5*o + 6. What is f(-4)?
-30
Let w(b) = -b**3 + 45*b**2 - 88*b + 76. What is w(43)?
-10
Let b(r) = 28*r + 175. What is b(-6)?
7
Let w(y) = -2*y**3 - 4*y**2 + 4*y + 13. Determine w(-3).
19
Let f(z) = -19*z + 10. Give f(2).
-28
Let h(a) = 14*a**3 + a**2 + a - 3. What is h(2)?
115
Let t(g) = -9*g + 8. What is t(2)?
-10
Let k(b) = b - 23. Determine k(0).
-23
Let m(k) = -k + 26. Calculate m(21).
5
Let t(v) = -v**2 - 3*v + 8. Give t(-7).
-20
Let i(n) = 17*n - 68. Calculate i(4).
0
Let t(r) = -2*r + 1. What is t(9)?
-17
Let g(i) = i**2 + 27*i + 181. What is g(-16)?
5
Let s(p) = p**3 - 2*p**2 + 3*p - 2. Determine s(3).
16
Let h(q) = -q**3 - 7*q**2 - 13*q - 17. Determine h(-6).
25
Let z(q) = -2*q**3 + 4*q**2 - 8*q + 3. Give z(4).
-93
Let d(c) = 4*c - 14. What is d(6)?
10
Let m(j) = -j**3 + 23*j**2 - 45*j + 69. Calculate m(21).
6
Let k(t) = t**3 - 9*t**2 + 10*t + 10. Determine k(7).
-18
Let x(d) = 4*d - 2. What is x(3)?
10
Let l(q) = 21*q - 3. Give l(2).
39
Let a(f) = -11*f - 16. What is a(-2)?
6
Let f(m) = m**3 - 4*m**2 - 3*m - 4. Calculate f(5).
6
Let h(n) = 6*n + 37. Determine h(-5).
7
Let q(a) = a**2 - 33*a - 9. What is q(33)?
-9
Let v(z) = 3*z + 87. Give v(-29).
0
Let z(b) = b**3 - 21*b**2 + 57*b - 50. Calculate z(18).
4
Let b(k) = -2*k**3 + 12*k**2 - k - 6. Calculate b(6).
-12
Let l(d) = 19*d**2 - 2*d - 2. Calculate l(-1).
19
Let q(n) = -n**2 - 55*n - 4. Calculate q(0).
-4
Let j(p) = -21*p + 101. Determine j(5).
-4
Let a(o) = -2*o**3 + 7*o**2 + o - 8. Give a(6).
-182
Let l(q) = -q**2 - 9*q + 9. Calculate l(-13).
-43
Let c(g) = g + 5. Determine c(-20).
-15
Let u(y) = -2*y - 26. What is u(-13)?
0
Let p(c) = -c - 4. Calculate p(-13).
9
Let t(r) = 165*r - 980. Calculate t(6).
10
Let h(l) = -l + 1. Give h(8).
-7
Let x(y) = -y**3 + 3*y**2 - 2*y - 5. Calculate x(0).
-5
Let l(y) = -10*y - 2. Calculate l(-2).
18
Let o(l) = -l**2 - 9*l + 25. What is o(-11)?
3
Let d(i) = i**2 + 17*i + 12. What is d(-18)?
30
Let c(w) = 5*w - 3. Calculate c(8).
37
Let u(t) = t**3 - 6*t**2 + 3*t + 10. Determine u(6).
28
Let q(o) = -o - 19. Give q(-12).
-7
Let h(f) = -f + 18. Give h(21).
-3
Let o(i) = 3*i**2 - 15*i + 19. Give o(6).
37
Let g(f) = -f**2 - 9*f - 1. Calculate g(-11).
-23
Let a(d) = d**3 + 2*d**2 - 8*d + 5. Give a(-5).
-30
Let y(f) = f**3 - 53*f**2 + 104*f - 87. Give y(51).
15
Let i(v) = -v**2 - 7*v - 32. Determine i(-7).
-32
Let b(v) = -v**3 + 17*v**2 - 15*v - 20. Determine b(16).
-4
Let b(t) = -t**3 + 20*t**2 - 39*t + 8. Give b(18).
-46
Let o(h) = -h**3 - 20*h**2 - 62*h + 51. Calculate o(-16).
19
Let w(m) = -m**3 - 9*m**2 - 9*m + 4. Calculate w(-7).
-31
Let f(m) = 7*m + 68. What is f(-9)?
5
Let x(w) = 3*w**2 + w - 2. What is x(4)?
50
Let l(f) = f**2 + f - 22. Determine l(0).
-22
Let g(v) = -v**2 - 12*v - 11. Determine g(-10).
9
Let n(g) = g**2 - 9*g + 14. What is n(7)?
0
Let r(w) = w**2 - 7*w + 6. What is r(12)?
66
Let h(s) = -2*s**2 - 2*s. Give h(-3).
-12
Let a(h) = h**3 + 8*h**2 + 4*h - 8. Calculate a(-7).
13
Let j(w) = -2*w**3 + 2*w + 5. Determine j(-2).
17
Let d(u) = 2*u + 18. Determine d(-9).
0
Let d(a) = -2*a**3 - 10*a**2 + 12*a - 9. Calculate d(-6).
-9
Let z(a) = 2*a**2 - 30*a - 6. Give z(15).
-6
Let h(w) = 6*w + 20. Determine h(28).
188
Let j(o) = -o**3 